at is the units digit of m?
1
What is the units digit of -4 - 0 - (4 + -15)?
7
Suppose -155 = -3*r - 5*s, s - 2*s + 151 = 3*r. What is the tens digit of r?
5
What is the tens digit of (-14)/(-3)*30/4?
3
Suppose -2*u = 5*b + 2*u - 40, -26 = -4*b - 2*u. Suppose -2*v = -b*h - 36 - 10, -v + 3*h + 19 = 0. Suppose v = 4*w + 11. What is the units digit of w?
5
Let l = -12 + 24. Suppose -74 - l = -2*n. What is the units digit of n?
3
Suppose 5*z + 4*s - 180 = 0, 2*z = -0*z - 4*s + 72. What is the tens digit of z?
3
Let z(a) = a**2 - 2*a - 3. Let y(h) = h**3 + 6*h**2 + 4*h - 5. Let g be y(-5). Suppose 5*w = -5*x + 5, -w + 6*w - 3*x + 27 = g. What is the units digit of z(w)?
2
Let a(o) = o**2 + 12*o - 3. Let y be a(-12). Let c(d) = 3*d**2 - d + 2. What is the units digit of c(y)?
2
Suppose -278 - 886 = -6*b. What is the hundreds digit of b?
1
Suppose -z = z. Suppose z*l + 6 = l. What is the units digit of l?
6
Let o(x) = x**2 + 9*x + 2. What is the hundreds digit of o(-19)?
1
Let w(m) = -6*m**3 + 2*m**2 - 2*m - 3. Let g be w(3). Let o = -83 - g. Suppose 5*x = -4*d + 60, -5*d + 10*d - o = -5*x. What is the units digit of d?
0
Let a(g) = 2*g**2 + 2*g + 1. Let m be a(-2). Suppose o + m = -t - 2*o, -5*t + 45 = o. What is the units digit of t?
0
Let u(j) = 4*j + 2. Let p(o) = 5*o - 2 - 6*o - 1. Let s be p(-5). What is the tens digit of u(s)?
1
Suppose -1 - 4 = -5*h. Let v be h*(-34 + 1)/3. Let t = -5 - v. What is the units digit of t?
6
Let u = 0 + 8. What is the units digit of 58/u + (-3)/12?
7
Let s be (-8)/(-16)*(0 - 0). Let o = 19 + s. What is the units digit of o?
9
Suppose 0 = 2*i + 2*i - 68. Suppose -3*w + i = 4*v - 21, 2*v - w - 24 = 0. Let s = -7 + v. What is the units digit of s?
4
Let f(s) = -s - 5. Let d be ((-12)/(-10))/(8/60). Let v be f(d). What is the units digit of (1/(-2))/1*v?
7
Let l = 11 + -7. Let i = l - -3. Let n = i - 4. What is the units digit of n?
3
Let p(z) = 3*z**3 + 2*z - 1. Let w be p(1). Suppose -84 = -0*l - w*l. What is the tens digit of l?
2
Suppose -5*l - 214 - 72 = -3*t, -378 = -4*t + 5*l. What is the units digit of t?
2
Let j(n) be the third derivative of n**5/60 - n**4/24 - 2*n**3/3 + n**2. Let m be j(3). Suppose 2*s = -m*s + 36. What is the units digit of s?
9
Let s(w) = w**3 + 6*w**2 - 4*w - 3. Let y be s(-6). Let i = 0 + y. What is the units digit of i?
1
Suppose -z = -5*z + 16. Suppose -14 = -5*x + z*d, 0 = 5*x - 5*d - 19 + 4. What is the units digit of (-2)/(-5)*(8 + x)?
4
Suppose 0 = 5*y - 5*w - 580, 353 = 5*y - 2*y + 2*w. What is the hundreds digit of y?
1
What is the units digit of 15/10 - 195/(-2)?
9
Suppose -4*i - i + 225 = d, -2*i = d - 90. What is the units digit of i?
5
Let c = 72 - -74. What is the hundreds digit of c?
1
Suppose 3*d + 3*j + 12 = -j, 4*d - 2*j - 6 = 0. Suppose d*a = a - 8. Suppose 0 = 2*x + 3*v - 5, -2*x + a = v + 1. What is the units digit of x?
4
Suppose 3*c - 6*c = 2*o - 5, 17 = 3*c - 4*o. Suppose 5*h + 10 = 0, 3*h + 24 = 4*z - 2*z. Let q = z - c. What is the units digit of q?
6
Let y be 3 + -1*24/4. Let j(m) = -m**3 + m**2 + m - 4. What is the tens digit of j(y)?
2
Let d = 14 - -7. What is the tens digit of d?
2
Let x(p) = p**2 + 5*p - 25. What is the hundreds digit of x(-15)?
1
Let k(t) = 2*t**2 - 14*t + 25. What is the units digit of k(11)?
3
Let q(d) = d**3 - 3*d**2 + 2*d + 4. Suppose 4*w - 3*p - p = -16, -4 = 2*w - 3*p. Let f be (-2)/4 - 28/w. What is the tens digit of q(f)?
1
Suppose -3 = 5*v - 3*a + 3, -3*a = 3*v + 18. Let g(k) = k**2 + 3*k + 3. What is the units digit of g(v)?
3
Let k = 33 - -14. Suppose 4*o = k + 109. What is the units digit of o?
9
Suppose -7*c + 36 = -c. Let j(i) = -i**3 + 5*i**2 + 7*i + 8. What is the tens digit of j(c)?
1
Suppose 0 = -2*q - 0*q - 2. What is the units digit of (-1 + -2 - 0)*q?
3
Let m = 9 - 4. Suppose -2*f + 39 = -m*s, -4*f - 5*s + 1 = -2. What is the units digit of f?
7
Suppose 6*l - 23 = 127. What is the units digit of l?
5
Suppose 3*b = 3*w - 135, 0 = -0*w - w - 2*b + 36. What is the tens digit of w?
4
Let v(o) = -6*o**3 + o. Let g be v(1). Let x(w) = w + 6. Let u be x(g). Let n(t) = 4*t - 1. What is the units digit of n(u)?
3
Suppose 3*z - 1 = z - c, -3*z - 4*c + 9 = 0. Let f(y) = 21*y**2. What is the units digit of f(z)?
1
Suppose 1084 = 18*h - 14*h. What is the units digit of h?
1
Suppose -25 = -4*v - v. Suppose 0 = -h - q + 12 - 2, -22 = -4*h + v*q. What is the units digit of h?
8
Let n = 54 - -1. What is the tens digit of n?
5
Suppose -2*i + 27 = 5*j, 2*i - 6 = -i + 4*j. Let w be (-4)/i - 22/(-6). Let d = w + 0. What is the units digit of d?
3
Let l be 42/(-98) - (-823)/(-7). Let s = 167 + l. What is the units digit of s?
9
Let q = -7 - -4. Let f = q - -15. Suppose -4*u - 2*h = -6*h - 24, -4*h + f = 2*u. What is the units digit of u?
6
Let r(s) = 3*s + 10. What is the units digit of r(11)?
3
Let i be 1/(3/6) - -1. Suppose -i*j = k - 9, 2*k + 3*k + 5*j - 75 = 0. Suppose -2*f + 4*f - k = 0. What is the units digit of f?
9
Let h be 6 - -1*(1 + -2). Suppose -h*r + 4*b + 35 = 0, 4*r + 0*b - 54 = -2*b. What is the units digit of r?
1
Suppose -4*o + 96 = -0*o. Suppose o + 46 = 5*x. What is the tens digit of x?
1
Let k = -4 - -12. What is the units digit of k?
8
Let b(y) = -y**2 + y + 1. Let q be b(-1). What is the units digit of q/(((-4)/(-16))/(-1))?
4
Let d(m) = -3*m**3 - m**2 - m + 2. Let l = 5 + -7. What is the tens digit of d(l)?
2
Let i = -2 + -4. Let u(s) = s**2 + 5*s - 6. Let w be u(i). Suppose 2*d + 6 = -w*m + 5*m, -5*m = -10. What is the units digit of d?
2
Let l = 13 - -416. What is the hundreds digit of l?
4
Suppose -3*p + 13 + 2 = 0. Suppose 3*s = 3*f - 57, -p*s = 1 + 9. What is the tens digit of f?
1
Suppose -2*s - h + 3*h = -44, -2*s = -5*h - 56. Let z = s - 14. What is the units digit of z?
4
Suppose -3*s - 21 = -4*r, -r + s + 0*s + 5 = 0. Let w(o) be the second derivative of o**3/6 + o. What is the units digit of w(r)?
6
Let o(l) = l**2 - 5*l - 2. Let i be -1 - (-11 + -3 + 1). Let s be ((-2)/1)/(i/(-42)). What is the tens digit of o(s)?
1
Suppose 3*u - 340 - 53 = 0. What is the tens digit of u?
3
Let x(n) = n - 3. Let m be x(3). Suppose m = 5*s - 11 - 4. What is the units digit of s?
3
Suppose -100 = -4*m + 144. What is the tens digit of m?
6
Let u(o) be the second derivative of o**3/3 + 2*o. Let i = 11 - 7. What is the units digit of u(i)?
8
Let b(z) = z**2 - 6*z. Let d be b(5). Let a = -2 - d. What is the units digit of (12/14)/(a/42)?
2
Suppose -331 = 14*y - 1423. What is the tens digit of y?
7
Let k(m) = 49*m - 34. What is the units digit of k(8)?
8
Let n = -7 + 12. Suppose -3*d - 5*p = 2 - 26, -d = -n*p - 8. What is the units digit of d?
8
Let r(b) = -3*b. Let q be r(1). Let k be 23/6 + q/(-18). Suppose 0 = -4*y + 3*i + 35, 4*i + k + 1 = -3*y. What is the units digit of y?
5
Let n = -5 - -4. Let i be (12/16)/(n/(-4)). Let o = i + 5. What is the units digit of o?
8
Let l be 2*((-28)/(-8) - 2). Suppose 5*i = -l*w + 89, 138 = 4*w - i - 2*i. What is the tens digit of w?
3
Suppose -10*b + 596 + 464 = 0. What is the units digit of b?
6
Let h(c) = c**2 - 2*c + 3. Let w be h(2). Suppose w*q - 32 = 1. What is the tens digit of q?
1
Suppose 4*i - 351 - 85 = 0. What is the tens digit of i?
0
Let q = -3 - -5. Let s be 3/(-3) + q + 3. Suppose 0 = m + s - 12. What is the units digit of m?
8
Let g = 32 - 2. Let y be g/8 - (-2)/8. Suppose -3*x = y*k + 2, k + 5 = 2*x - 1. What is the units digit of x?
2
Suppose 4*y = -2*s + 9 + 27, 3*s + 10 = 2*y. What is the units digit of y?
8
Let i(y) = 8*y + 5. Let x be i(5). Let d = x - 25. What is the tens digit of d?
2
Let m(g) = 11*g + 47. What is the units digit of m(9)?
6
Suppose -3*o + 226 = -41. What is the units digit of o?
9
Suppose -4*v - q = -11 - 6, -q = -5*v + 28. Suppose -5*m = -4*y - 89, -v*y = 6 - 1. Suppose 2*c - s - 23 = -4*s, -5*s = -2*c - m. What is the units digit of c?
4
Let n = 5 - 2. Let m be 3/4 - 90/(-8). Suppose -m = -y - n*y. What is the units digit of y?
3
Let c(k) be the first derivative of -k**5/60 - k**4/12 - k**3 - 2. Let f(y) be the third derivative of c(y). What is the units digit of f(-2)?
2
Suppose 3*j - 8 = j. Let r = -6 - -13. Let i = r - j. What is the units digit of i?
3
Suppose -3*i = -12, f = -i + 15 + 15. What is the tens digit of f?
2
Let t(f) = 10*f